mber?
False
Is 136055441 prime?
True
Is 2159527 a prime number?
False
Is 42125403 a composite number?
True
Is 3967727 a prime number?
True
Is 670613479 a prime number?
True
Is 9476959 a prime number?
True
Is 323623 prime?
True
Is 29415007 composite?
False
Is 4226498 prime?
False
Is 3823282 a composite number?
True
Is 344780303 composite?
True
Is 22165973 a composite number?
False
Is 9653177 a prime number?
False
Is 15080633 composite?
True
Is 56641007 prime?
True
Is 1888151 a composite number?
False
Is 5397841 a composite number?
False
Is 358927937 prime?
True
Is 1536281 a composite number?
False
Is 156863023 a prime number?
False
Is 648670657 a prime number?
False
Is 348642677 a composite number?
False
Is 13142791 a prime number?
False
Is 2152621 prime?
True
Is 61451227 composite?
False
Is 109777879 composite?
True
Is 3156989 composite?
True
Is 4430473 a composite number?
False
Is 8228401 a composite number?
False
Is 151303 composite?
False
Is 44748307 composite?
False
Is 1624631 prime?
False
Is 9405727 prime?
True
Is 12895829 prime?
False
Is 151688167 composite?
False
Is 41458843 composite?
False
Is 5527135 composite?
True
Is 9603457 a prime number?
True
Is 37223401 a composite number?
True
Is 69106241 a prime number?
False
Is 98837231 a composite number?
True
Is 174074977 a composite number?
True
Is 550427 composite?
False
Is 2362103 composite?
True
Is 1357703 composite?
False
Is 217892177 composite?
True
Is 712627 composite?
True
Is 38829327 a prime number?
False
Is 4528331 a prime number?
True
Is 305355133 composite?
False
Is 7507459 prime?
True
Is 14536617 a composite number?
True
Is 811303 composite?
True
Is 6016763 a composite number?
True
Is 717571 a composite number?
True
Is 8853131 prime?
False
Is 437027 prime?
False
Is 1079578367 composite?
True
Is 271157801 composite?
True
Is 270527 a prime number?
True
Is 12805417 a prime number?
True
Is 32823197 prime?
False
Is 206185823 composite?
True
Is 44092577 a prime number?
False
Is 18666107 composite?
False
Is 15650669 a prime number?
False
Is 61133117 composite?
False
Is 733387 a prime number?
True
Is 37693735 prime?
False
Is 5054017 a composite number?
False
Is 649157 a composite number?
False
Is 9249137 a prime number?
True
Is 1845229 a prime number?
True
Is 60235541 a prime number?
True
Is 2059619 composite?
True
Is 160099 a prime number?
False
Is 448776683 a prime number?
True
Is 80273659 composite?
True
Is 676636991 a prime number?
False
Is 37889063 a prime number?
False
Is 30935111 composite?
False
Is 57179659 composite?
True
Is 319001 prime?
True
Is 16413217 a prime number?
False
Is 11727169 composite?
True
Is 9197189 a composite number?
True
Is 214243283 a composite number?
True
Is 94735 a composite number?
True
Is 10029163 prime?
False
Is 182921 prime?
True
Is 9992011 a composite number?
True
Is 3402061 a composite number?
True
Is 2026823 a prime number?
False
Is 87084209 composite?
False
Is 1719409 a composite number?
False
Is 51293 a composite number?
True
Is 105904709 a prime number?
False
Is 167641918 a prime number?
False
Is 1395688673 a prime number?
False
Is 1773949 composite?
False
Is 1957573 a composite number?
False
Is 354203731 prime?
False
Is 2025943 a prime number?
False
Is 42836803 prime?
False
Is 9755069 composite?
True
Is 1365071 prime?
True
Is 48770311 composite?
False
Is 6750437 a composite number?
False
Is 471119821 composite?
False
Is 371369 a composite number?
True
Is 3778987 a composite number?
False
Is 2012789 a composite number?
False
Is 156512339 a composite number?
True
Is 498923693 a prime number?
True
Is 657881 prime?
False
Is 3873103 a prime number?
False
Is 188059 prime?
False
Is 149976391 a composite number?
False
Is 23473085 a prime number?
False
Is 1483135 a prime number?
False
Is 27670459 prime?
True
Is 1178347 a composite number?
False
Is 2283301 prime?
True
Is 70823549 a composite number?
False
Is 81546539 prime?
True
Is 1329375085 a composite number?
True
Is 482501 prime?
True
Is 6632167 composite?
False
Is 143406983 composite?
True
Is 1357199 a prime number?
False
Is 281190589 a prime number?
True
Is 308989 composite?
False
Is 42652061 prime?
False
Is 158462791 a composite number?
False
Is 9107209 composite?
False
Is 141875509 prime?
True
Is 50217697 composite?
False
Is 2256707 a composite number?
True
Is 4747469 composite?
True
Is 39638461 a prime number?
True
Is 5315303 composite?
True
Is 108836449 composite?
True
Is 2313053 a prime number?
True
Is 47317537 prime?
True
Is 3963709 a composite number?
False
Is 7718359 prime?
False
Is 176946631 prime?
True
Is 7876237 prime?
True
Is 1642273 composite?
False
Is 5369857 prime?
True
Is 7366423 a prime number?
False
Is 5743201 composite?
False
Is 52709 a composite number?
False
Is 59395186 a prime number?
False
Is 5842061 a composite number?
True
Is 20980277 prime?
True
Is 210623 a composite number?
True
Is 209393 a prime number?
True
Is 7917355 prime?
False
Is 11292227 a composite number?
False
Is 53971187 a composite number?
True
Is 1997329 prime?
False
Is 1559933 a composite number?
False
Is 3718261 a prime number?
False
Is 4776113 a prime number?
True
Is 10879021 a prime number?
True
Is 7728235 prime?
False
Is 377635877 composite?
False
Is 19971265 a prime number?
False
Is 7125263 a prime number?
True
Is 9471269 prime?
True
Is 144218311 a prime number?
False
Is 3386134 prime?
False
Is 983659 composite?
False
Is 69067121 prime?
True
Is 60728593 prime?
True
Is 165531929 prime?
False
Is 9118481 composite?
False
Is 10985771 composite?
False
Is 3323967 a composite number?
True
Is 15791747 a composite number?
True
Is 2820941 composite?
False
Is 15561671 composite?
False
Is 3131953 prime?
False
Is 624647 a prime number?
False
Is 2450759 prime?
True
Is 682785853 a prime number?
True
Is 683651 prime?
True
Is 27164231 composite?
False
Is 67615019 composite?
True
Is 5626279 prime?
False
Is 174776183 a prime number?
True
Is 798503 a prime number?
True
Is 2276669 a composite number?
False
Is 49529357 composite?
True
Is 650987 composite?
False
Is 27363043 a composite number?
False
Is 38709309 a composite number?
True
Is 1255886 a composite number?
True
Is 1518745 prime?
False
Is 73201309 prime?
False
Is 16793443 prime?
True
Is 1311497 a composite number?
True
Is 10084891 a composite number?
False
Is 142579 a composite number?
True
Is 8814899 a composite number?
True
Is 4676491 prime?
True
Is 129999179 a prime number?
True
Is 112187597 composite?
True
Is 269723659 a prime number?
True
Is 37646537 a prime number?
True
Is 135136603 prime?
False
Is 438243469 composite?
True
Is 14318657 composite?
False
Is 46706129 composite?
False
Is 12217273 a composite number?
True
Is 20092357 composite?
False
Is 18336031 prime?
False
Is 2084101 composite?
False
Is 880939 a prime number?
True
Is 4549497 a composite number?
True
Is 1877123 composite?
True
Is 963601 a prime number?
True
Is 505095251 a prime number?
False
Is 17285861 prime?
True
Is 1004851 a prime number?
False
Is 3262219 a prime number?
False
Is 910561 prime?
True
Is 39683093 composite?
False
Is 5005387 a composite number?
True
Is 50791 a composite number?
True
Is 12706313 a composite number?
False
Is 6791977 a prime number?
False
Is 7107461 a prime number?
True
Is 26153459 prime?
True
Is 362109647 prime?
True
Is 294091489 composite?
True
Is 34212803 prime?
True
Is 115424977 composite?
False
Is 51307099 composite?
False
Is 1930417 a composite number?
False
Is 38198495 a prime number?
False
Is 730105 a composite number?
True
Is 1342540669 composite?
False
Is 121156627 prime?
False
Is 757385 composite?
True
Is 6957399 prime?
False
Is 2291893 a composite number?
False
Is 724721 prime?
True
Is 5625797 prime?
False
Is 1153951 a prime number?
False
Is 107946679 composite?
True
Is 6341311 a composite number?
False
Is 438167 prime?
False
Is 1264342393 a composite number?
False
Is 2500894619 a prime number?
True
Is 53490713 composite?
True
Is 169315661 a prime number?
True
Is 161340307 a prime number?
True
Is 214139069 composite?
False
Is 2857889 prime?
True
Is 129884071 a prime number?
False
Is 1065630767 a prime number?
True
Is 35687186 a prime number?
False
Is 228571333 prime?
True
Is 11974271 a composite number?
True
Is 319947085 prime?
False
Is 5668169 a prim